prime?
False
Is 89041 a composite number?
False
Is 135687631 composite?
False
Is 6118823 a prime number?
True
Is 28972213 prime?
False
Is 18217671 a composite number?
True
Is 5628473 a prime number?
True
Is 3014951 a prime number?
False
Is 121051607 composite?
False
Is 104196331 a composite number?
True
Is 16419323 a prime number?
True
Is 251443249 a prime number?
True
Is 54788633 composite?
True
Is 572267615 a composite number?
True
Is 5596205 prime?
False
Is 81054709 prime?
False
Is 188953901 a composite number?
True
Is 1857571 composite?
True
Is 25481735 composite?
True
Is 37630121 a composite number?
False
Is 43797269 composite?
True
Is 14077187 composite?
False
Is 20149061 a prime number?
True
Is 14839765 a prime number?
False
Is 4460095 prime?
False
Is 28024813 a prime number?
True
Is 69187234 composite?
True
Is 1236505 a prime number?
False
Is 19977751 prime?
False
Is 9707071 prime?
False
Is 117437783 composite?
True
Is 613007327 composite?
False
Is 955771 a prime number?
False
Is 1451101 prime?
False
Is 6555541 a composite number?
False
Is 432652651 a composite number?
True
Is 17842787 prime?
False
Is 2864479 a prime number?
True
Is 2127223 prime?
False
Is 58862059 composite?
True
Is 1605442 a prime number?
False
Is 28924381 a prime number?
True
Is 31348511 a prime number?
True
Is 1254166 prime?
False
Is 71434747 a prime number?
True
Is 33391549 a prime number?
True
Is 13883579 a prime number?
True
Is 953632927 a composite number?
True
Is 2183557 prime?
True
Is 19750921 composite?
False
Is 69225019 prime?
False
Is 268153 a composite number?
False
Is 7812109 prime?
True
Is 66867415 prime?
False
Is 1860779 a prime number?
False
Is 8555903 a prime number?
True
Is 9071347 a prime number?
True
Is 69218473 prime?
False
Is 41521589 prime?
True
Is 13330069 composite?
True
Is 12582821 a prime number?
True
Is 1891765 a composite number?
True
Is 79604267 a prime number?
True
Is 350720717 prime?
True
Is 168834413 prime?
False
Is 5131127 prime?
False
Is 1271473 composite?
True
Is 21169303 a prime number?
True
Is 15739099 a prime number?
True
Is 80717743 prime?
True
Is 58983107 a composite number?
False
Is 3195619 prime?
False
Is 6731407 composite?
False
Is 2947741 a composite number?
False
Is 6598271 a prime number?
True
Is 3344687 prime?
False
Is 9836501 composite?
False
Is 916901 a prime number?
False
Is 26752213 a prime number?
False
Is 148845547 composite?
False
Is 6330943 prime?
False
Is 340073 a composite number?
False
Is 37423739 a composite number?
False
Is 163544857 prime?
False
Is 1052572523 a composite number?
True
Is 5600893 a composite number?
True
Is 10891666 prime?
False
Is 50602939 composite?
True
Is 2136731 prime?
True
Is 549629 composite?
True
Is 15041023 prime?
False
Is 16131359 composite?
False
Is 327989003 a prime number?
True
Is 4911286 a prime number?
False
Is 34012639 prime?
True
Is 3392677 prime?
False
Is 2808877 prime?
True
Is 3129733 a composite number?
False
Is 43317437 composite?
True
Is 289947363 prime?
False
Is 13400157 composite?
True
Is 86931787 a prime number?
True
Is 127483 a composite number?
True
Is 1045727 a composite number?
False
Is 211356193 a prime number?
False
Is 15640433 composite?
True
Is 63625463 prime?
False
Is 5065939 a prime number?
True
Is 355202 prime?
False
Is 1883495 a composite number?
True
Is 55150187 a prime number?
False
Is 233999 a composite number?
True
Is 15157442 prime?
False
Is 23311087 composite?
False
Is 14210959 prime?
False
Is 178256599 a prime number?
False
Is 43452029 a prime number?
True
Is 371074843 a prime number?
True
Is 3144301 a composite number?
False
Is 3102851 prime?
True
Is 147723083 composite?
False
Is 757149 a prime number?
False
Is 78541501 a prime number?
True
Is 48466669 a prime number?
True
Is 288699223 a composite number?
False
Is 23511971 composite?
True
Is 4523593 prime?
True
Is 5721743 a prime number?
True
Is 3157807387 prime?
False
Is 15670019 a prime number?
True
Is 495749 a prime number?
True
Is 139495247 composite?
False
Is 1222003 a prime number?
True
Is 233639 composite?
True
Is 15909811 a prime number?
True
Is 34650701 composite?
False
Is 438869 a prime number?
True
Is 643038541 a prime number?
True
Is 1317406 a composite number?
True
Is 5518573 composite?
True
Is 64196851 composite?
True
Is 168120301 a prime number?
False
Is 242510063 a prime number?
True
Is 121333469 prime?
False
Is 13877623 composite?
False
Is 127799291 a composite number?
False
Is 7931738 composite?
True
Is 10210007 a prime number?
True
Is 56920261 a prime number?
False
Is 4549733 a prime number?
True
Is 51893539 composite?
False
Is 17289653 composite?
True
Is 7424663 composite?
False
Is 11837387 composite?
True
Is 17764423 a composite number?
True
Is 9756673 composite?
True
Is 657541 a prime number?
False
Is 2638661 composite?
True
Is 10482811 composite?
False
Is 40343623 a prime number?
False
Is 39961331 a composite number?
False
Is 9847049 a composite number?
True
Is 4435679 a prime number?
False
Is 3485077 prime?
True
Is 8793821 prime?
False
Is 198202435 a prime number?
False
Is 2771261 a prime number?
False
Is 79055293 composite?
False
Is 667669 a prime number?
False
Is 20697241 a composite number?
False
Is 918601 a composite number?
True
Is 1186369 a composite number?
True
Is 633647111 a composite number?
False
Is 47983861 composite?
False
Is 419359 prime?
False
Is 2271547 prime?
False
Is 3433154 composite?
True
Is 5356247 a composite number?
True
Is 2210779 a prime number?
True
Is 2992657 a composite number?
True
Is 13487323 a prime number?
True
Is 18316957 a prime number?
True
Is 5401859 a composite number?
True
Is 3173593 prime?
False
Is 9087961 prime?
True
Is 124578161 a prime number?
False
Is 3229895 composite?
True
Is 25941623 a prime number?
True
Is 85139 a composite number?
True
Is 509053 a prime number?
True
Is 2337463 prime?
True
Is 10268273 prime?
False
Is 16452121 a prime number?
False
Is 27324991 a composite number?
False
Is 1479917611 a composite number?
True
Is 189202067 prime?
True
Is 9637297 a prime number?
True
Is 42882319 a composite number?
False
Is 15323531 a composite number?
False
Is 548473141 composite?
False
Is 237737303 prime?
True
Is 31473031 prime?
True
Is 384818861 a prime number?
False
Is 121418881 a prime number?
True
Is 1083359981 a prime number?
False
Is 44729603 a prime number?
True
Is 67848149 prime?
True
Is 6428323 prime?
False
Is 24695822 composite?
True
Is 221273077 a prime number?
False
Is 876167 prime?
False
Is 7951991 a composite number?
True
Is 149878473 a prime number?
False
Is 126321809 a composite number?
True
Is 32807783 composite?
True
Is 7649849 a composite number?
False
Is 482501 a prime number?
True
Is 7996313 a prime number?
False
Is 9299231 a prime number?
False
Is 5091461 a composite number?
True
Is 487572593 composite?
False
Is 531521 prime?
True
Is 134097701 prime?
True
Is 6127379 prime?
True
Is 22785809 a composite number?
False
Is 2860523 a prime number?
True
Is 5700041 prime?
True
Is 201435389 a prime number?
False
Is 20398957 a composite number?
True
Is 75265285 a prime number?
False
Is 4881671 composite?
True
Is 7897387 a composite number?
False
Is 7121073 composite?
True
Is 893126522 composite?
True
Is 62384347 a composite number?
False
Is 122498147 a composite number?
False
Is 749281 a prime number?
False
Is 91369697 a prime number?
True
Is 25562603 prime?
False
Is 108750331 prime?
True
Is 20956583 a prime number?
True
Is 12381319 a composite number?
False
Is 6945434 composite?
True
Is 213006793 composite?
True
Is 145034839 composite?
False
Is 1157033 a prime number?
True
Is 2950883 composite?
True
Is 121614979 a prime number?
False
Is 2631401 composite?
False
Is 1535321 a prime number?
False
Is 16120771 composite?
False
Is 36132631 prime?
False
Is 3242047 prime?
True
Is 9293239 prime?
True
Is 835057 a composite number?
True
Is 561343 a composite number?
False
Is 3628945 prime?
False
Is 94474109 prime?
True
Is 1380707 a composite number?
False
Is 677742355 a composite number?
True
Is 12588833 prime?
True
Is 39390261 a prime number?
False
Is 13606235 a composite number?
True
Is 46908943 a prime number?
False
Is 1727029 a composite number?
False
Is 468433 a composite number?
True
Is 95419309 a composite number?
Tr